{"id":2862,"date":"2022-10-23T22:07:43","date_gmt":"2022-10-23T20:07:43","guid":{"rendered":"https:\/\/www.whiteberg.dk\/?page_id=2862"},"modified":"2023-03-16T09:49:58","modified_gmt":"2023-03-16T08:49:58","slug":"forside","status":"publish","type":"page","link":"https:\/\/www.whiteberg.dk\/","title":{"rendered":"Lars Christian Hvidberg &#8211; &#8220;Whiteberg&#8221;"},"content":{"rendered":"<p><strong>Storykonsulent, underviser og taler\u00e5dgiver<\/strong><\/p>\n<p>&#8220;Jeg har aldrig f\u00f8r f\u00e5et s\u00e5 brugbare taler i mine n\u00e6sten 22 \u00e5r som minister!&#8221; &#8211; det sagde Bertel Haarder om vores samarbejde om over 200 taler i Kulturministeriet.<\/p>\n<p>Marianne Jelved sagde: &#8220;Lars har en fremragende forsta\u030aelse for talerens behov og for de mange forskellige krav, der er til en tale: Tilh\u00f8rernes forventninger, de fysiske rammer og hele den politiske og sociale sammenh\u00e6ng, som en tale indga\u030ar i.&#8221;<\/p>\n<p><strong>Hvis du gerne vil have lige s\u00e5 brugbare taler som Bertel og Marianne, s\u00e5 kontakt mig endelig p\u00e5 50917718 eller lars [at] whiteberg.dk.<\/strong><\/p>\n<p>&#8212;<\/p>\n<p>Mere om Lars Christian Hvidberg, indehaver af Whiteberg:<\/p>\n<p>Jeg er taler\u00e5dgiver, forfatter og kommunikationsmenneske med fokus p\u00e5 de gode historier, de pr\u00e6cise sansninger og det meningsfulde budskab.<\/p>\n<p>Mine sporer tjente jeg med 1000 taler for fem ministre i Kulturministeriet, to \u00e5r som presse- og kommunikationschef i t\u00e6nketanken Justitia og to b\u00f8ger i genren &#8220;fort\u00e6llende nonfiktion&#8221; &#8211; virkelige historier fortalt sp\u00e6ndende og medrivende.<\/p>\n<p>I dag underviser jeg p\u00e5 Danmarks f\u00f8rste taleskriveruddannelse <a href=\"https:\/\/rhetor.dk\/produkter\/talen-som-strategisk-kommunikation\/\">Taleskrivning som strategisk kommunikation<\/a> hos Rhetor. Vi kommer rundt om alle aspekter af taleskrivningen, fra de klassiske retoriske virkemidler til de strategiske overvejelser, gennem organisationens struktur og via argumentation, tre-enigheder og humor.<\/p>\n<p>Jeg har ogs\u00e5 designet kurset <a href=\"https:\/\/rhetor.dk\/produkter\/fortael-dit-budskab\/\">Fort\u00e6l dit budskab<\/a> hos Rhetor. Det er et kursus om mit yndlingsemne, nemlig fort\u00e6llingernes grundl\u00e6ggende byggesten &#8211; hovedperson, modstander, vendepunkt og budskab &#8211; og om, hvordan fort\u00e6llinger kan bruges i kommunikation.<\/p>\n<p>Desuden tilbyder jeg individuel taler\u00e5dgivning og holder opl\u00e6g om taleskrivning, strategi og organisationsopygning, min tid som taleskriver i kulturministeriet, og fort\u00e6llingers grundbegreber.<\/p>\n<p>L\u00e6s <a href=\"https:\/\/www.whiteberg.dk\/wp-content\/uploads\/2022\/10\/Anbefaling-fra-Bertel-Haarder.pdf\">Anbefaling fra Bertel Haarder<\/a>.<\/p>\n<p>L\u00e6s <a href=\"https:\/\/www.whiteberg.dk\/wp-content\/uploads\/2022\/10\/Anbefaling-af-Lars-Hvidberg-fra-Marianne-Jelved.pdf\">Anbefaling af Lars Hvidberg fra Marianne Jelved<\/a>.<\/p>\n<p><strong>Mine b\u00f8ger:<\/strong><\/p>\n<p><a href=\"http:\/\/www.gyldendal.dk\/produkter\/ahmed-akkari\/mod-til-at-tvivle-42538\/h%C3%A6ftet-9788702211375\">Forfatter til Ahmed Akkari: <em>Mod til at tvivle<\/em>, Gyldendal 2018<\/a><\/p>\n<p><a href=\"https:\/\/www.gyldendal.dk\/produkter\/virusdetektiven-9788702330427\">Forfatter til Thea K\u00f8lsen Fischer: <em>Virusdetektiven<\/em>, Gyldendal 2021<\/a><\/p>\n<p>Flere b\u00f8ger p\u00e5 vej.<\/p>\n<p><strong>Kontakt:<\/strong><\/p>\n<p>DK: +45 50 91 77 18<\/p>\n<p>lars [at] whiteberg.dk<\/p>\n<p><a href=\"https:\/\/plus.google.com\/116936257611039516132\/posts\">\u00b4\u00b4\u00b4<\/a><a href=\"http:\/\/www.linkedin.com\/in\/larshvidberg\">LinkedIn<\/a><\/p>\n<p><a href=\"http:\/\/www.facebook.com\/profile.php?id=702208318\">Facebook<\/a><\/p>\n<p><a href=\"https:\/\/www.instagram.com\/whiteberg\/\">Instagram<\/a><\/p>\n<p><a href=\"http:\/\/twitter.com\/#!\/whiteberg\">Twitter @whiteberg<\/a><\/p>\n","protected":false},"excerpt":{"rendered":"<p>Storykonsulent, underviser og taler\u00e5dgiver &#8220;Jeg har aldrig f\u00f8r f\u00e5et s\u00e5 brugbare taler i mine n\u00e6sten 22 \u00e5r som minister!&#8221; &#8211; det sagde Bertel Haarder om vores samarbejde om over 200 taler i Kulturministeriet. Marianne Jelved sagde: &#8220;Lars har en fremragende forsta\u030aelse for talerens behov og for de mange forskellige krav, der er til en tale: &hellip; <a href=\"https:\/\/www.whiteberg.dk\/\" class=\"more-link\">L\u00e6s mere <span class=\"screen-reader-text\">Lars Christian Hvidberg &#8211; &#8220;Whiteberg&#8221;<\/span><\/a><\/p>\n","protected":false},"author":1,"featured_media":0,"parent":0,"menu_order":0,"comment_status":"closed","ping_status":"closed","template":"","meta":{"footnotes":""},"_links":{"self":[{"href":"https:\/\/www.whiteberg.dk\/index.php?rest_route=\/wp\/v2\/pages\/2862"}],"collection":[{"href":"https:\/\/www.whiteberg.dk\/index.php?rest_route=\/wp\/v2\/pages"}],"about":[{"href":"https:\/\/www.whiteberg.dk\/index.php?rest_route=\/wp\/v2\/types\/page"}],"author":[{"embeddable":true,"href":"https:\/\/www.whiteberg.dk\/index.php?rest_route=\/wp\/v2\/users\/1"}],"replies":[{"embeddable":true,"href":"https:\/\/www.whiteberg.dk\/index.php?rest_route=%2Fwp%2Fv2%2Fcomments&post=2862"}],"version-history":[{"count":5,"href":"https:\/\/www.whiteberg.dk\/index.php?rest_route=\/wp\/v2\/pages\/2862\/revisions"}],"predecessor-version":[{"id":2877,"href":"https:\/\/www.whiteberg.dk\/index.php?rest_route=\/wp\/v2\/pages\/2862\/revisions\/2877"}],"wp:attachment":[{"href":"https:\/\/www.whiteberg.dk\/index.php?rest_route=%2Fwp%2Fv2%2Fmedia&parent=2862"}],"curies":[{"name":"wp","href":"https:\/\/api.w.org\/{rel}","templated":true}]}}